{"id":3426,"date":"2024-02-28T18:43:05","date_gmt":"2024-02-28T18:43:05","guid":{"rendered":"https:\/\/www.oafrica.org\/home\/?page_id=3426"},"modified":"2024-02-28T19:49:09","modified_gmt":"2024-02-28T19:49:09","slug":"das-sind-wir-unsere-geschichte","status":"publish","type":"page","link":"https:\/\/www.oafrica.org\/home\/de\/das-sind-wir-unsere-geschichte\/","title":{"rendered":"Das sind wir-Unsere Geschichte"},"content":{"rendered":"\t\t<div data-elementor-type=\"wp-page\" data-elementor-id=\"3426\" class=\"elementor elementor-3426\" data-elementor-post-type=\"page\">\n\t\t\t\t\t\t<section class=\"elementor-section elementor-top-section elementor-element elementor-element-51c6bc08 elementor-section-height-min-height elementor-section-full_width elementor-section-content-middle elementor-section-height-default elementor-section-items-middle\" data-id=\"51c6bc08\" data-element_type=\"section\" data-settings=\"{&quot;background_background&quot;:&quot;classic&quot;}\">\n\t\t\t\t\t\t\t<div class=\"elementor-background-overlay\"><\/div>\n\t\t\t\t\t\t\t<div class=\"elementor-container elementor-column-gap-no\">\n\t\t\t\t\t<div class=\"elementor-column elementor-col-100 elementor-top-column elementor-element elementor-element-2c105c7c\" data-id=\"2c105c7c\" data-element_type=\"column\">\n\t\t\t<div class=\"elementor-widget-wrap elementor-element-populated\">\n\t\t\t\t\t\t<section class=\"elementor-section elementor-inner-section elementor-element elementor-element-245d0b24 elementor-section-full_width elementor-section-height-default elementor-section-height-default\" data-id=\"245d0b24\" data-element_type=\"section\">\n\t\t\t\t\t\t<div class=\"elementor-container elementor-column-gap-default\">\n\t\t\t\t\t<div class=\"elementor-column elementor-col-100 elementor-inner-column elementor-element elementor-element-3bf2a09\" data-id=\"3bf2a09\" data-element_type=\"column\">\n\t\t\t<div class=\"elementor-widget-wrap elementor-element-populated\">\n\t\t\t\t\t\t<div class=\"elementor-element elementor-element-cce524b elementor-widget elementor-widget-global elementor-global-3398 elementor-widget-heading\" data-id=\"cce524b\" data-element_type=\"widget\" data-widget_type=\"heading.default\">\n\t\t\t\t<div class=\"elementor-widget-container\">\n\t\t\t\t\t<h2 class=\"elementor-heading-title elementor-size-default\">Das sind wir<\/h2>\t\t\t\t<\/div>\n\t\t\t\t<\/div>\n\t\t\t\t<div class=\"elementor-element elementor-element-d1997af elementor-align-right donate-btn elementor-widget__width-auto elementor-widget-tablet__width-auto elementor-widget-mobile__width-auto elementor-fixed elementor-widget elementor-widget-global elementor-global-3642 elementor-widget-button\" data-id=\"d1997af\" data-element_type=\"widget\" data-settings=\"{&quot;sticky&quot;:&quot;top&quot;,&quot;sticky_parent&quot;:&quot;yes&quot;,&quot;_position&quot;:&quot;fixed&quot;,&quot;sticky_on&quot;:[&quot;desktop&quot;,&quot;tablet&quot;,&quot;mobile&quot;],&quot;sticky_offset&quot;:0,&quot;sticky_effects_offset&quot;:0}\" data-widget_type=\"button.default\">\n\t\t\t\t<div class=\"elementor-widget-container\">\n\t\t\t\t\t\t\t\t\t<div class=\"elementor-button-wrapper\">\n\t\t\t\t\t<a class=\"elementor-button elementor-button-link elementor-size-lg elementor-animation-bob\" href=\"#\">\n\t\t\t\t\t\t<span class=\"elementor-button-content-wrapper\">\n\t\t\t\t\t\t\t\t\t<span class=\"elementor-button-text\">SPENDEN<\/span>\n\t\t\t\t\t<\/span>\n\t\t\t\t\t<\/a>\n\t\t\t\t<\/div>\n\t\t\t\t\t\t\t\t<\/div>\n\t\t\t\t<\/div>\n\t\t\t\t\t<\/div>\n\t\t<\/div>\n\t\t\t\t\t<\/div>\n\t\t<\/section>\n\t\t\t\t\t<\/div>\n\t\t<\/div>\n\t\t\t\t\t<\/div>\n\t\t<\/section>\n\t\t\t\t<section class=\"elementor-section elementor-top-section elementor-element elementor-element-d521717 elementor-section-boxed elementor-section-height-default elementor-section-height-default\" data-id=\"d521717\" data-element_type=\"section\" data-settings=\"{&quot;background_background&quot;:&quot;classic&quot;}\">\n\t\t\t\t\t\t<div class=\"elementor-container elementor-column-gap-default\">\n\t\t\t\t\t<div class=\"elementor-column elementor-col-100 elementor-top-column elementor-element elementor-element-38255fcc\" data-id=\"38255fcc\" data-element_type=\"column\" data-settings=\"{&quot;background_background&quot;:&quot;classic&quot;}\">\n\t\t\t<div class=\"elementor-widget-wrap elementor-element-populated\">\n\t\t\t\t\t\t<section class=\"elementor-section elementor-inner-section elementor-element elementor-element-1a978232 elementor-section-full_width elementor-section-height-default elementor-section-height-default\" data-id=\"1a978232\" data-element_type=\"section\">\n\t\t\t\t\t\t<div class=\"elementor-container elementor-column-gap-default\">\n\t\t\t\t\t<div class=\"elementor-column elementor-col-100 elementor-inner-column elementor-element elementor-element-680406fb\" data-id=\"680406fb\" data-element_type=\"column\">\n\t\t\t<div class=\"elementor-widget-wrap elementor-element-populated\">\n\t\t\t\t\t\t<div class=\"elementor-element elementor-element-ebb06e3 elementor-widget elementor-widget-heading\" data-id=\"ebb06e3\" data-element_type=\"widget\" data-widget_type=\"heading.default\">\n\t\t\t\t<div class=\"elementor-widget-container\">\n\t\t\t\t\t<h2 class=\"elementor-heading-title elementor-size-default\">Unsere Geschichte\n<\/h2>\t\t\t\t<\/div>\n\t\t\t\t<\/div>\n\t\t\t\t\t<\/div>\n\t\t<\/div>\n\t\t\t\t\t<\/div>\n\t\t<\/section>\n\t\t\t\t\t<\/div>\n\t\t<\/div>\n\t\t\t\t\t<\/div>\n\t\t<\/section>\n\t\t\t\t<section class=\"elementor-section elementor-top-section elementor-element elementor-element-7a561f7b elementor-section-content-middle elementor-section-boxed elementor-section-height-default elementor-section-height-default\" data-id=\"7a561f7b\" data-element_type=\"section\">\n\t\t\t\t\t\t\t<div class=\"elementor-background-overlay\"><\/div>\n\t\t\t\t\t\t\t<div class=\"elementor-container elementor-column-gap-no\">\n\t\t\t\t\t<div class=\"elementor-column elementor-col-100 elementor-top-column elementor-element elementor-element-45e8a5c9\" data-id=\"45e8a5c9\" data-element_type=\"column\">\n\t\t\t<div class=\"elementor-widget-wrap elementor-element-populated\">\n\t\t\t\t\t\t<div class=\"elementor-element elementor-element-fce5473 elementor-widget elementor-widget-text-editor\" data-id=\"fce5473\" data-element_type=\"widget\" data-widget_type=\"text-editor.default\">\n\t\t\t\t<div class=\"elementor-widget-container\">\n\t\t\t\t\t\t\t\t\t2002: Der Beginn\t\t\t\t\t\t\t\t<\/div>\n\t\t\t\t<\/div>\n\t\t\t\t<div class=\"elementor-element elementor-element-dfa9a3b elementor-widget elementor-widget-text-editor\" data-id=\"dfa9a3b\" data-element_type=\"widget\" data-widget_type=\"text-editor.default\">\n\t\t\t\t<div class=\"elementor-widget-container\">\n\t\t\t\t\t\t\t\t\tOAfrica wurde im Oktober 2002 von Lisa Lovatt-Smith in Ghana gegr\u00fcndet. Neben ihrer jahrelangen T\u00e4tigkeit als Redakteurin bei der \u201cVogue\u201d ist Lisa in der europ\u00e4ischen Modewelt als Herausgeberin von B\u00fcchern im Bereich Design und Fotografie bekannt. 2002 entschied sie sich, ehrenamtlich in einem Kinderheim in Ghana mitzuarbeiten. Dort lebten mehr als hundert notleidende und vernachl\u00e4ssigte Kinder. H\u00e4ufig wurden die Kinder im Heim abgegeben, weil ihre Eltern krank waren oder nicht die Mittel hatten, sie zu versorgen. \nDiese Erfahrung war f\u00fcr Lisa so einschneidend, dass sie ihr glamour\u00f6ses Leben in Europa aufgab und nach Ghana zog. Sie gr\u00fcndete eine eigene Nicht-Regierungsorganisation (NGO) mit dem Ziel, Kindern das Aufwachsen in solchen Einrichtungen zu ersparen.\n\t\t\t\t\t\t\t\t<\/div>\n\t\t\t\t<\/div>\n\t\t\t\t<div class=\"elementor-element elementor-element-c1a571e elementor-widget elementor-widget-text-editor\" data-id=\"c1a571e\" data-element_type=\"widget\" data-widget_type=\"text-editor.default\">\n\t\t\t\t<div class=\"elementor-widget-container\">\n\t\t\t\t\t\t\t\t\t2002-2005: Die ersten Jahre \u2013 Fokus auf Waisenh\u00e4user\n\t\t\t\t\t\t\t\t<\/div>\n\t\t\t\t<\/div>\n\t\t\t\t<div class=\"elementor-element elementor-element-71c9bd7 elementor-widget elementor-widget-text-editor\" data-id=\"71c9bd7\" data-element_type=\"widget\" data-widget_type=\"text-editor.default\">\n\t\t\t\t<div class=\"elementor-widget-container\">\n\t\t\t\t\t\t\t\t\tAnfangs arbeitete OAfrica unter dem Namen \u201cOrphanage Africa\u201d (Waisenhaus Afrika) mit der Absicht, Kinderheime zu liebevolleren, freundlicheren und ges\u00fcnderen Orten zu machen. Doch mit der Zeit erkannte sie, dass selbst gut gef\u00fchrte Waisenh\u00e4user nicht das Aufwachsen in einer Familie ersetzen k\u00f6nnen. Bei Ayenyah, einem kleinen l\u00e4ndlichen Dorf ohne Infrastruktur, kaufte OAfrica Land, baute ein Kinderdorf, eine Schule sowie eine Krankenstation. In diesem Kinderdorf konnten (Waisen-) Kinder in familienbasierten Strukturen aufwachsen. Die Arbeit von OAfrica in Ayenyah beinhaltete Projekte f\u00fcr eine bessere Ausbildung, eine bessere Gesundheitspflege sowie eine grundlegende Infrastruktur im Bereich Landwirtschaft.\n\t\t\t\t\t\t\t\t<\/div>\n\t\t\t\t<\/div>\n\t\t\t\t<div class=\"elementor-element elementor-element-7bfce28 elementor-widget elementor-widget-text-editor\" data-id=\"7bfce28\" data-element_type=\"widget\" data-widget_type=\"text-editor.default\">\n\t\t\t\t<div class=\"elementor-widget-container\">\n\t\t\t\t\t\t\t\t\t2002-2005: Die ersten Jahre \u2013 Fokus auf Waisenh\u00e4user\n\t\t\t\t\t\t\t\t<\/div>\n\t\t\t\t<\/div>\n\t\t\t\t<div class=\"elementor-element elementor-element-f98b405 elementor-widget elementor-widget-text-editor\" data-id=\"f98b405\" data-element_type=\"widget\" data-widget_type=\"text-editor.default\">\n\t\t\t\t<div class=\"elementor-widget-container\">\n\t\t\t\t\t\t\t\t\tParallel zum Aufbau der Projekte in Ayenyah begann OAfrica sich im Einklang mit den Richtlinien der Vereinten Nationen, gemeinsam mit UNICEF und der ghanaischen Regierung, die sogenannte Care Reform Initiative (CRI) umzusetzen. Demnach soll institutionelle Pflege f\u00fcr vernachl\u00e4ssigte und schutzbed\u00fcrftige Kinder vermieden werden, wann immer dies m\u00f6glich ist. Der Schwerpunkt der CRI liegt auf einer familienbasierten Betreuung und darauf, die gesellschaftlichen Strukturen \u2013 und damit die famili\u00e4ren Bande \u2013 zu st\u00e4rken. Seit 2006 wurde der Grundgedanke der CRI immer mehr zur zentralen Ausrichtung der Organisation. Mit der Verabschiedung des \u201cNational Plan of Action on Orphans and Vulnerable Children\u201d (NPA) im Jahr 2010, wurden in ganz Ghana neue Grunds\u00e4tze f\u00fcr die Betreuung von Waisen und schutzbed\u00fcrftigen Kindern eingef\u00fchrt. OAfrica ist die einzige private NGO in Ghana, die im NPA als offizieller Umsetzer der Strategie aufgef\u00fchrt wird. In diesem Zusammenhang schafft OAfrica Aufmerksamkeit f\u00fcr die Situation der Kinder in Waisenh\u00e4usern, bildet Sozialarbeiter aus und hat auch L\u00f6sungen entwickelt, um Daten und Informationen zu den Kindern bestm\u00f6glich zu erfassen.\nUm den Strategiewechsel von der Fokussierung auf Waisenh\u00e4user in Richtung der familienbasierten Betreuung auch nach au\u00dfen hin deutlich zu machen, hat sich die Organisation in \u201cOrphanAid Africa\u201d (kurz: OAfrica) umbenannt.\n\t\t\t\t\t\t\t\t<\/div>\n\t\t\t\t<\/div>\n\t\t\t\t<div class=\"elementor-element elementor-element-c487857 elementor-widget elementor-widget-text-editor\" data-id=\"c487857\" data-element_type=\"widget\" data-widget_type=\"text-editor.default\">\n\t\t\t\t<div class=\"elementor-widget-container\">\n\t\t\t\t\t\t\t\t\t2013 bis heute: Fortsetzung und Stabilisierung\n\t\t\t\t\t\t\t\t<\/div>\n\t\t\t\t<\/div>\n\t\t\t\t<div class=\"elementor-element elementor-element-7c88bbc elementor-widget elementor-widget-text-editor\" data-id=\"7c88bbc\" data-element_type=\"widget\" data-widget_type=\"text-editor.default\">\n\t\t\t\t<div class=\"elementor-widget-container\">\n\t\t\t\t\t\t\t\t\t2013 stellte eine Z\u00e4sur f\u00fcr OAfrica dar. Nach mehreren Br\u00e4nden mussten das Kinderdorf und der Standort in Ayenyah aufgegeben werden und OAfrica ist in die Hauptstadt Accra umgezogen. Die Organisation hat ihre Strategie nachgesch\u00e4rft und noch mehr auf die familienbasierte Betreuung im Kontext des NPA ausgerichtet, die langfristig zu einem Paradigmenwechsel in der Kinderbetreuung in Ghana f\u00fchren soll. Mit seinen Programmen zur familienbasieren Betreuung ist OAfrica in kleinem Rahmen heute ein Modell daf\u00fcr, wie ein familienbasiertes Betreuungssystem gelingen kann und wird als solches auch in Berichten von UNICEF und dem Better Care Network hervorgehoben. Mehr zu den Programmen von OAfrica finden Sie hier.\n\t\t\t\t\t\t\t\t<\/div>\n\t\t\t\t<\/div>\n\t\t\t\t<div class=\"elementor-element elementor-element-7a2ac94 elementor-widget elementor-widget-text-editor\" data-id=\"7a2ac94\" data-element_type=\"widget\" data-widget_type=\"text-editor.default\">\n\t\t\t\t<div class=\"elementor-widget-container\">\n\t\t\t\t\t\t\t\t\tDer Betrieb der Schule und der Krankenstation in Ayenyah wurden in diesem Zusammenhang in staatliche H\u00e4nde \u00fcbergegeben und wird heute mit der Unterst\u00fctzung anderer auf Bildung und Gesundheit fokussierter NGO fortgef\u00fchrt. Die \u201eOAfrica-Kinder\u201c leben nun mit ihren Familien in verschiedenen Orten rund um Accra. Die Kinder mit geistigen und k\u00f6rperlichen Behinderungen leben mit ihren Pflegem\u00fcttern in der N\u00e4he einer spezialisierten Schule, in der sie gem\u00e4\u00df ihren besonderen Bed\u00fcrfnissen bestm\u00f6glich gef\u00f6rdert werden. In die Unterst\u00fctzung dieser Kinder und Familien, die OAfrica schon so lange begleitet, flie\u00dft der Schwerpunkt der Spenden der Organisation.\n\t\t\t\t\t\t\t\t<\/div>\n\t\t\t\t<\/div>\n\t\t\t\t<div class=\"elementor-element elementor-element-51618f8 elementor-widget elementor-widget-text-editor\" data-id=\"51618f8\" data-element_type=\"widget\" data-widget_type=\"text-editor.default\">\n\t\t\t\t<div class=\"elementor-widget-container\">\n\t\t\t\t\t\t\t\t\t\u00dcber die Jahre hat Lisa mit verschiedensten Auftritten, ihrer Biografie \u201eWho knows tomorrow\u201c und Konferenzen in der Elfenbeink\u00fcste und Ghana viel Aufmerksamkeit f\u00fcr die schutzbed\u00fcrftigen Kinder in Ghana erreicht und ist f\u00fcr ihren Einsatz mit renommierten Preisen ausgezeichnet worden. 2022 markiert das 20-j\u00e4hrige Bestehen von OAfrica. Die Organisation ist stolz auf ihre Errungenschaften, insbesondere auf die Erfolge der ghanaischen Regierung bei der Schlie\u00dfung illegaler Waisenh\u00e4user und die Fokussierung darauf, Kindern das Aufwachsen in einer Familie zu erm\u00f6glichen. OAfrica wird sich auch weiterhin f\u00fcr die Rechte sozial schwacher Kinder einsetzen, bessere Betreuungsstandards einfordern, Sozialarbeiter ausbilden, die Regierung unterst\u00fctzen und daf\u00fcr k\u00e4mpfen, dass illegale Waisenh\u00e4user in Ghana geschlossen werden.\n\t\t\t\t\t\t\t\t<\/div>\n\t\t\t\t<\/div>\n\t\t\t\t\t<\/div>\n\t\t<\/div>\n\t\t\t\t\t<\/div>\n\t\t<\/section>\n\t\t\t\t<\/div>\n\t\t","protected":false},"excerpt":{"rendered":"<p>Das sind wir SPENDEN Unsere Geschichte 2002: Der BeginnOAfrica wurde im Oktober 2002 von Lisa Lovatt-Smith in Ghana gegr\u00fcndet. Neben ihrer jahrelangen T\u00e4tigkeit als Redakteurin bei der \u201cVogue\u201d ist Lisa in der europ\u00e4ischen Modewelt als Herausgeberin von B\u00fcchern im Bereich Design und Fotografie bekannt. 2002 entschied sie sich, ehrenamtlich in einem Kinderheim in Ghana mitzuarbeiten. [&hellip;]<\/p>\n","protected":false},"author":1,"featured_media":0,"parent":0,"menu_order":0,"comment_status":"closed","ping_status":"closed","template":"elementor_header_footer","meta":{"_mo_disable_npp":"","footnotes":""},"_links":{"self":[{"href":"https:\/\/www.oafrica.org\/home\/wp-json\/wp\/v2\/pages\/3426"}],"collection":[{"href":"https:\/\/www.oafrica.org\/home\/wp-json\/wp\/v2\/pages"}],"about":[{"href":"https:\/\/www.oafrica.org\/home\/wp-json\/wp\/v2\/types\/page"}],"author":[{"embeddable":true,"href":"https:\/\/www.oafrica.org\/home\/wp-json\/wp\/v2\/users\/1"}],"replies":[{"embeddable":true,"href":"https:\/\/www.oafrica.org\/home\/wp-json\/wp\/v2\/comments?post=3426"}],"version-history":[{"count":10,"href":"https:\/\/www.oafrica.org\/home\/wp-json\/wp\/v2\/pages\/3426\/revisions"}],"predecessor-version":[{"id":3730,"href":"https:\/\/www.oafrica.org\/home\/wp-json\/wp\/v2\/pages\/3426\/revisions\/3730"}],"wp:attachment":[{"href":"https:\/\/www.oafrica.org\/home\/wp-json\/wp\/v2\/media?parent=3426"}],"curies":[{"name":"wp","href":"https:\/\/api.w.org\/{rel}","templated":true}]}}