{"id":3494,"date":"2024-02-28T18:55:53","date_gmt":"2024-02-28T18:55:53","guid":{"rendered":"https:\/\/www.oafrica.org\/home\/?page_id=3494"},"modified":"2024-02-28T20:40:50","modified_gmt":"2024-02-28T20:40:50","slug":"das-sind-wir-transparenz","status":"publish","type":"page","link":"https:\/\/www.oafrica.org\/home\/de\/das-sind-wir-transparenz\/","title":{"rendered":"Das sind wir-Transparenz"},"content":{"rendered":"\t\t<div data-elementor-type=\"wp-page\" data-elementor-id=\"3494\" class=\"elementor elementor-3494\" data-elementor-post-type=\"page\">\n\t\t\t\t\t\t<section class=\"elementor-section elementor-top-section elementor-element elementor-element-273c3f39 elementor-section-height-min-height elementor-section-full_width elementor-section-content-middle elementor-section-height-default elementor-section-items-middle\" data-id=\"273c3f39\" data-element_type=\"section\" data-settings=\"{&quot;background_background&quot;:&quot;classic&quot;}\">\n\t\t\t\t\t\t\t<div class=\"elementor-background-overlay\"><\/div>\n\t\t\t\t\t\t\t<div class=\"elementor-container elementor-column-gap-no\">\n\t\t\t\t\t<div class=\"elementor-column elementor-col-100 elementor-top-column elementor-element elementor-element-5631d7a5\" data-id=\"5631d7a5\" data-element_type=\"column\">\n\t\t\t<div class=\"elementor-widget-wrap elementor-element-populated\">\n\t\t\t\t\t\t<section class=\"elementor-section elementor-inner-section elementor-element elementor-element-413ffaa1 elementor-section-full_width elementor-section-height-default elementor-section-height-default\" data-id=\"413ffaa1\" data-element_type=\"section\">\n\t\t\t\t\t\t<div class=\"elementor-container elementor-column-gap-default\">\n\t\t\t\t\t<div class=\"elementor-column elementor-col-100 elementor-inner-column elementor-element elementor-element-4a2639aa\" data-id=\"4a2639aa\" data-element_type=\"column\">\n\t\t\t<div class=\"elementor-widget-wrap elementor-element-populated\">\n\t\t\t\t\t\t<div class=\"elementor-element elementor-element-beb88e2 elementor-widget elementor-widget-global elementor-global-3398 elementor-widget-heading\" data-id=\"beb88e2\" data-element_type=\"widget\" data-widget_type=\"heading.default\">\n\t\t\t\t<div class=\"elementor-widget-container\">\n\t\t\t\t\t<h2 class=\"elementor-heading-title elementor-size-default\">Das sind wir<\/h2>\t\t\t\t<\/div>\n\t\t\t\t<\/div>\n\t\t\t\t<div class=\"elementor-element elementor-element-484cfb1 elementor-align-right donate-btn elementor-widget__width-auto elementor-widget-tablet__width-auto elementor-widget-mobile__width-auto elementor-fixed elementor-widget elementor-widget-global elementor-global-3642 elementor-widget-button\" data-id=\"484cfb1\" data-element_type=\"widget\" data-settings=\"{&quot;sticky&quot;:&quot;top&quot;,&quot;sticky_parent&quot;:&quot;yes&quot;,&quot;_position&quot;:&quot;fixed&quot;,&quot;sticky_on&quot;:[&quot;desktop&quot;,&quot;tablet&quot;,&quot;mobile&quot;],&quot;sticky_offset&quot;:0,&quot;sticky_effects_offset&quot;:0}\" data-widget_type=\"button.default\">\n\t\t\t\t<div class=\"elementor-widget-container\">\n\t\t\t\t\t\t\t\t\t<div class=\"elementor-button-wrapper\">\n\t\t\t\t\t<a class=\"elementor-button elementor-button-link elementor-size-lg elementor-animation-bob\" href=\"#\">\n\t\t\t\t\t\t<span class=\"elementor-button-content-wrapper\">\n\t\t\t\t\t\t\t\t\t<span class=\"elementor-button-text\">SPENDEN<\/span>\n\t\t\t\t\t<\/span>\n\t\t\t\t\t<\/a>\n\t\t\t\t<\/div>\n\t\t\t\t\t\t\t\t<\/div>\n\t\t\t\t<\/div>\n\t\t\t\t\t<\/div>\n\t\t<\/div>\n\t\t\t\t\t<\/div>\n\t\t<\/section>\n\t\t\t\t\t<\/div>\n\t\t<\/div>\n\t\t\t\t\t<\/div>\n\t\t<\/section>\n\t\t\t\t<section class=\"elementor-section elementor-top-section elementor-element elementor-element-6477feae elementor-section-boxed elementor-section-height-default elementor-section-height-default\" data-id=\"6477feae\" data-element_type=\"section\" data-settings=\"{&quot;background_background&quot;:&quot;classic&quot;}\">\n\t\t\t\t\t\t<div class=\"elementor-container elementor-column-gap-default\">\n\t\t\t\t\t<div class=\"elementor-column elementor-col-100 elementor-top-column elementor-element elementor-element-651f4212\" data-id=\"651f4212\" data-element_type=\"column\" data-settings=\"{&quot;background_background&quot;:&quot;classic&quot;}\">\n\t\t\t<div class=\"elementor-widget-wrap elementor-element-populated\">\n\t\t\t\t\t\t<section class=\"elementor-section elementor-inner-section elementor-element elementor-element-2cde8d87 elementor-section-full_width elementor-section-height-default elementor-section-height-default\" data-id=\"2cde8d87\" data-element_type=\"section\">\n\t\t\t\t\t\t<div class=\"elementor-container elementor-column-gap-default\">\n\t\t\t\t\t<div class=\"elementor-column elementor-col-100 elementor-inner-column elementor-element elementor-element-52bccd85\" data-id=\"52bccd85\" data-element_type=\"column\">\n\t\t\t<div class=\"elementor-widget-wrap elementor-element-populated\">\n\t\t\t\t\t\t<div class=\"elementor-element elementor-element-4e2f0223 elementor-widget elementor-widget-heading\" data-id=\"4e2f0223\" data-element_type=\"widget\" data-widget_type=\"heading.default\">\n\t\t\t\t<div class=\"elementor-widget-container\">\n\t\t\t\t\t<h2 class=\"elementor-heading-title elementor-size-default\">Transparenz<\/h2>\t\t\t\t<\/div>\n\t\t\t\t<\/div>\n\t\t\t\t\t<\/div>\n\t\t<\/div>\n\t\t\t\t\t<\/div>\n\t\t<\/section>\n\t\t\t\t\t<\/div>\n\t\t<\/div>\n\t\t\t\t\t<\/div>\n\t\t<\/section>\n\t\t\t\t<section class=\"elementor-section elementor-top-section elementor-element elementor-element-7a561f7b elementor-section-content-middle elementor-section-boxed elementor-section-height-default elementor-section-height-default\" data-id=\"7a561f7b\" data-element_type=\"section\">\n\t\t\t\t\t\t\t<div class=\"elementor-background-overlay\"><\/div>\n\t\t\t\t\t\t\t<div class=\"elementor-container elementor-column-gap-no\">\n\t\t\t\t\t<div class=\"elementor-column elementor-col-100 elementor-top-column elementor-element elementor-element-45e8a5c9\" data-id=\"45e8a5c9\" data-element_type=\"column\">\n\t\t\t<div class=\"elementor-widget-wrap elementor-element-populated\">\n\t\t\t\t\t\t<div class=\"elementor-element elementor-element-fcf8d10 elementor-widget elementor-widget-text-editor\" data-id=\"fcf8d10\" data-element_type=\"widget\" data-widget_type=\"text-editor.default\">\n\t\t\t\t<div class=\"elementor-widget-container\">\n\t\t\t\t\t\t\t\t\tInitiative Transparente Zivilgesellschaft\n\t\t\t\t\t\t\t\t<\/div>\n\t\t\t\t<\/div>\n\t\t\t\t<div class=\"elementor-element elementor-element-7d50732 elementor-widget elementor-widget-text-editor\" data-id=\"7d50732\" data-element_type=\"widget\" data-widget_type=\"text-editor.default\">\n\t\t\t\t<div class=\"elementor-widget-container\">\n\t\t\t\t\t\t\t\t\tEinheitliche Ver\u00f6ffentlichungspflichten f\u00fcr gemeinn\u00fctzige Organisationen gibt es in Deutschland nicht \u2013 mit Ausnahme gemeinn\u00fctziger Kapital- und Aktiengesellschaften sind gemeinn\u00fctzige Organisationen derzeit nicht verpflichtet, die \u00d6ffentlichkeit \u00fcber die Herkunft und Verwendung ihrer Mittel zu informieren.\n\t\t\t\t\t\t\t\t<\/div>\n\t\t\t\t<\/div>\n\t\t\t\t<div class=\"elementor-element elementor-element-9ef60df elementor-widget elementor-widget-text-editor\" data-id=\"9ef60df\" data-element_type=\"widget\" data-widget_type=\"text-editor.default\">\n\t\t\t\t<div class=\"elementor-widget-container\">\n\t\t\t\t\t\t\t\t\tAuf Initiative von Transparency Deutschland e. V. haben zahlreiche Akteure aus der Zivilgesellschaft und der Wissenschaft im Rahmen der \u201cInitiative Transparente Zivilgesellschaft (ITZ)\u201d zehn grundlegende Punkte definiert, die jede zivilgesellschaftliche Organisation der \u00d6ffentlichkeit zug\u00e4nglich machen sollte.\t\t\t\t\t\t\t\t<\/div>\n\t\t\t\t<\/div>\n\t\t\t\t<div class=\"elementor-element elementor-element-79e24dd elementor-widget elementor-widget-image\" data-id=\"79e24dd\" data-element_type=\"widget\" data-widget_type=\"image.default\">\n\t\t\t\t<div class=\"elementor-widget-container\">\n\t\t\t\t\t\t\t\t\t\t\t\t\t\t\t<img decoding=\"async\" src=\"https:\/\/www.oafrica.org\/home\/wp-content\/uploads\/elementor\/thumbs\/Transparente_ZivilgesellschaftPNG-qjyhn8j65u0fcje2woy2tcako5m3bvtmdi7s1m1rww.png\" title=\"Transparente_ZivilgesellschaftPNG\" alt=\"Transparente_ZivilgesellschaftPNG\" loading=\"lazy\" \/>\t\t\t\t\t\t\t\t\t\t\t\t\t\t\t<\/div>\n\t\t\t\t<\/div>\n\t\t\t\t<div class=\"elementor-element elementor-element-91944a8 elementor-widget elementor-widget-text-editor\" data-id=\"91944a8\" data-element_type=\"widget\" data-widget_type=\"text-editor.default\">\n\t\t\t\t<div class=\"elementor-widget-container\">\n\t\t\t\t\t\t\t\t\tUnser Anliegen als gemeinn\u00fctziger Verein ist es, Dir eine hohe Transparenz \u00fcber unsere Aktivit\u00e4ten zu bieten. Daher haben wir uns der ITZ angeschlossen und die damit verbundene Selbstverpflichtungserkl\u00e4rung unterschrieben. Damit verpflichten wir uns einer breiten \u00d6ffentlichkeit, folgende Informationen leicht auffindbar zur Verf\u00fcgung zu stellen und aktuell zu halten.\n\t\t\t\t\t\t\t\t<\/div>\n\t\t\t\t<\/div>\n\t\t\t\t<div class=\"elementor-element elementor-element-69c21f8 elementor-widget elementor-widget-text-editor\" data-id=\"69c21f8\" data-element_type=\"widget\" data-widget_type=\"text-editor.default\">\n\t\t\t\t<div class=\"elementor-widget-container\">\n\t\t\t\t\t\t\t\t\tSobald uns die jeweilige Jahresrechnung unserer Pr\u00fcfungsinstanz vorliegt, werden unsere Informationen auf der Homepage umgehend aktualisiert.\t\t\t\t\t\t\t\t<\/div>\n\t\t\t\t<\/div>\n\t\t\t\t<div class=\"elementor-element elementor-element-59b74a5 elementor-widget elementor-widget-text-editor\" data-id=\"59b74a5\" data-element_type=\"widget\" data-widget_type=\"text-editor.default\">\n\t\t\t\t<div class=\"elementor-widget-container\">\n\t\t\t\t\t\t\t\t\t1. Name, Sitz, Anschrift und Gr\u00fcndungsjahr \t\t\t\t\t\t\t\t<\/div>\n\t\t\t\t<\/div>\n\t\t\t\t<div class=\"elementor-element elementor-element-1b231db elementor-widget elementor-widget-text-editor\" data-id=\"1b231db\" data-element_type=\"widget\" data-widget_type=\"text-editor.default\">\n\t\t\t\t<div class=\"elementor-widget-container\">\n\t\t\t\t\t\t\t\t\tUnsere Organisation war im Zeitraum von 2007 bis 2017 als gemeinn\u00fctzige Treuhandstiftung unter dem Namen \u201eOrphanAid Africa Stiftung\u201c t\u00e4tig. Wir haben uns dazu entschieden, unsere Rechtsform zu \u00e4ndern, da uns die T\u00e4tigkeit als eingetragener Verein mehr Freiraum bietet. So ist es uns u.a. nun m\u00f6glich, Unternehmen anzubieten, uns im Rahmen ihrer CSR-Ma\u00dfnahmen zu unterst\u00fctzen. Damit erschlie\u00dfen wir zus\u00e4tzliche Mittel, um unsere Projekte in Ghana langfristig finanziell zu realisieren. Da die \u00c4nderung der Rechtsform erst 2017 erfolgte, geben wir anbei die Daten zu beiden Organisationen an:\n\t\t\t\t\t\t\t\t<\/div>\n\t\t\t\t<\/div>\n\t\t\t\t<div class=\"elementor-element elementor-element-a8e2845 elementor-widget elementor-widget-text-editor\" data-id=\"a8e2845\" data-element_type=\"widget\" data-widget_type=\"text-editor.default\">\n\t\t\t\t<div class=\"elementor-widget-container\">\n\t\t\t\t\t\t\t\t\t<p><strong>Heute:<\/strong><br \/>OAfrica e. V. | Fischleite 2 | 82266 Buch am Ammersee | Gr\u00fcndungsjahr: 2017<br \/><strong>Vormals:<\/strong><br \/>OrphanAid Africa Stiftung | c\/o Haus des Stiftens | Landshuter Allee 11 | 80637 M\u00fcnchen | Gr\u00fcndungsjahr: 2007 | Aufl\u00f6sung: 2017<\/p>\t\t\t\t\t\t\t\t<\/div>\n\t\t\t\t<\/div>\n\t\t\t\t<div class=\"elementor-element elementor-element-54a3f6d elementor-widget elementor-widget-text-editor\" data-id=\"54a3f6d\" data-element_type=\"widget\" data-widget_type=\"text-editor.default\">\n\t\t\t\t<div class=\"elementor-widget-container\">\n\t\t\t\t\t\t\t\t\t2. Satzung sowie Angaben zu den Zielen unserer Organisation \t\t\t\t\t\t\t\t<\/div>\n\t\t\t\t<\/div>\n\t\t\t\t<div class=\"elementor-element elementor-element-c484f03 elementor-widget elementor-widget-text-editor\" data-id=\"c484f03\" data-element_type=\"widget\" data-widget_type=\"text-editor.default\">\n\t\t\t\t<div class=\"elementor-widget-container\">\n\t\t\t\t\t\t\t\t\tDer OAfrica e. V. ist eine gemeinn\u00fctzige Nichtregierungsorganisation (NGO). Wir helfen Kindern und Jugendlichen, die von Armut, Institutionalisierung (Unterbringung in Einrichtungen wie Waisenh\u00e4usern), Gewalt, Missbrauch, Kinderhandel und Diskriminierung betroffen sind und setzen uns f\u00fcr ihre Rechte ein.\n\t\t\t\t\t\t\t\t<\/div>\n\t\t\t\t<\/div>\n\t\t\t\t<div class=\"elementor-element elementor-element-8ed5923 elementor-widget elementor-widget-text-editor\" data-id=\"8ed5923\" data-element_type=\"widget\" data-widget_type=\"text-editor.default\">\n\t\t\t\t<div class=\"elementor-widget-container\">\n\t\t\t\t\t\t\t\t\tUnser Ziel ist die Unterst\u00fctzung hilfsbed\u00fcrftiger, sozial schwacher Familien, damit Kinder in ihrem Familienverbund mit ihren Traditionen und Werten aufwachsen und sie dort als Heranwachsende die Liebe und F\u00fcrsorge erfahren k\u00f6nnen, die sie als emotionale Basis f\u00fcr ein selbstbestimmtes Leben ben\u00f6tigen. Im Einklang mit den Richtlinien von UNICEF ist der Paradigmenwechsel im Betreuungssystem hin zu einer familienbasierten Betreuung f\u00fcr uns ein zentrales Anliegen und zugleich Antrieb des Vereins. Die Unterbringung von Kindern in Waisenh\u00e4usern oder vergleichbaren Einrichtungen soll \u2013 wo immer m\u00f6glich \u2013 vermieden werden.\n\n\t\t\t\t\t\t\t\t<\/div>\n\t\t\t\t<\/div>\n\t\t\t\t<div class=\"elementor-element elementor-element-97e2038 elementor-widget elementor-widget-text-editor\" data-id=\"97e2038\" data-element_type=\"widget\" data-widget_type=\"text-editor.default\">\n\t\t\t\t<div class=\"elementor-widget-container\">\n\t\t\t\t\t\t\t\t\t<p><span style=\"letter-spacing: -0.015em;\"><a href=\"https:\/\/www.oafrica.org\/home\/wp-content\/uploads\/2024\/02\/OAfrica-e.-V._Satzung.pdf\">Hier<\/a><\/span>&nbsp;kannst Du unsere Satzung aufrufen und als PDF herunterladen.<\/p>\t\t\t\t\t\t\t\t<\/div>\n\t\t\t\t<\/div>\n\t\t\t\t<div class=\"elementor-element elementor-element-1e7d000 elementor-widget elementor-widget-text-editor\" data-id=\"1e7d000\" data-element_type=\"widget\" data-widget_type=\"text-editor.default\">\n\t\t\t\t<div class=\"elementor-widget-container\">\n\t\t\t\t\t\t\t\t\t3. Freistellungs- \/ bzw. Feststellungsbescheid\n\t\t\t\t\t\t\t\t<\/div>\n\t\t\t\t<\/div>\n\t\t\t\t<div class=\"elementor-element elementor-element-35dad54 elementor-widget elementor-widget-text-editor\" data-id=\"35dad54\" data-element_type=\"widget\" data-widget_type=\"text-editor.default\">\n\t\t\t\t<div class=\"elementor-widget-container\">\n\t\t\t\t\t\t\t\t\t<p>Seit dem 15.08.2017 wird OAfrica in Deutschland vom OAfrica e. V. vertreten. Der OAfrica e. V. wurde am 23.06.2017 ins Vereinsregister des Amtsgerichts M\u00fcnchen (VR 207237) eingetragen.<br \/><br \/>Die Arbeit des OAfrica e. V. ist wegen der F\u00f6rderung gemeinn\u00fctziger Zwecke, insbesondere der F\u00f6rderung der Jugendhilfe und der F\u00f6rderung der Volks- und Berufsbildung einschlie\u00dflich der Studentenhilfe, gem\u00e4\u00df des letzten zu- gegangenen Freistellungsbescheids des Finanzamts F\u00fcrstenfeldbruck (Steuernummer 117\/110\/10566) vom 01.04.2022 (Veranlagungszeitraum 2018-2020) nach \u00a7 5 Abs. 1 Nr. 9 des K\u00f6rperschaftsteuergesetzes von der K\u00f6rperschaftssteuer und nach \u00a7 3 Nr. 6 des Gewerbesteuergesetzes von der Gewerbesteuer befreit, weil sie ausschlie\u00dflich und unmittelbar steuerbeg\u00fcnstigten gemeinn\u00fctzigen Zwecken im Sinne der \u00a7\u00a7 51 ff. der Abgabenordnung dient.<\/p>\t\t\t\t\t\t\t\t<\/div>\n\t\t\t\t<\/div>\n\t\t\t\t<div class=\"elementor-element elementor-element-bde3eeb elementor-widget elementor-widget-text-editor\" data-id=\"bde3eeb\" data-element_type=\"widget\" data-widget_type=\"text-editor.default\">\n\t\t\t\t<div class=\"elementor-widget-container\">\n\t\t\t\t\t\t\t\t\t4. Name und Funktion der wesentlichen Entscheidungstr\u00e4ger \t\t\t\t\t\t\t\t<\/div>\n\t\t\t\t<\/div>\n\t\t\t\t<div class=\"elementor-element elementor-element-9f8a2b2 elementor-widget elementor-widget-text-editor\" data-id=\"9f8a2b2\" data-element_type=\"widget\" data-widget_type=\"text-editor.default\">\n\t\t\t\t<div class=\"elementor-widget-container\">\n\t\t\t\t\t\t\t\t\tAnja R\u00fcttermann (Vorstandsvorsitzende) <br\/>\nPetra-Alexa Heinze\n\n\n\t\t\t\t\t\t\t\t<\/div>\n\t\t\t\t<\/div>\n\t\t\t\t<div class=\"elementor-element elementor-element-0eeb3f8 elementor-widget elementor-widget-text-editor\" data-id=\"0eeb3f8\" data-element_type=\"widget\" data-widget_type=\"text-editor.default\">\n\t\t\t\t<div class=\"elementor-widget-container\">\n\t\t\t\t\t\t\t\t\t5. T\u00e4tigkeitsbericht unserer Organisation\n\t\t\t\t\t\t\t\t<\/div>\n\t\t\t\t<\/div>\n\t\t\t\t<div class=\"elementor-element elementor-element-af82829 elementor-widget elementor-widget-text-editor\" data-id=\"af82829\" data-element_type=\"widget\" data-widget_type=\"text-editor.default\">\n\t\t\t\t<div class=\"elementor-widget-container\">\n\t\t\t\t\t\t\t\t\t<p>Der OAfrica e. V. als deutsche L\u00e4ndervertretung von OAfrica in Ghana, unterst\u00fctzt die vor Ort in Ghana umgesetzten Projekte je nachdem wo der Bedarf gerade am gr\u00f6\u00dften ist.<\/p><p>Im deutschsprachigen\u00a0<a href=\"https:\/\/www.oafrica.org\/home\/wp-content\/uploads\/2024\/02\/OAeV_Bericht_2020_FA_final.pdf\" target=\"_blank\" rel=\"noopener\">Jahresbericht des OAfrica e. V.<\/a>\u00a0erf\u00e4hrst Du mehr \u00fcber die von uns unterst\u00fctzten Projekte in Ghana. Sobald uns die entsprechenden Jahresabschl\u00fcsse vorliegen, werden die Jahresberichte auf dieser Seite aktualisiert.<\/p><p>Bei Interesse kannst Du zudem die (englischsprachigen) Jahresberichte von OAfrica in Ghana\u00a0<a href=\"https:\/\/www.oafrica.org\/home\/de\/das-sind-wir-jahresberichte\/\" target=\"_blank\" rel=\"noopener\">hier<\/a>\u00a0finden.<\/p>\t\t\t\t\t\t\t\t<\/div>\n\t\t\t\t<\/div>\n\t\t\t\t<div class=\"elementor-element elementor-element-0d1b4c6 elementor-widget elementor-widget-text-editor\" data-id=\"0d1b4c6\" data-element_type=\"widget\" data-widget_type=\"text-editor.default\">\n\t\t\t\t<div class=\"elementor-widget-container\">\n\t\t\t\t\t\t\t\t\t6. Personalstruktur\n\t\t\t\t\t\t\t\t<\/div>\n\t\t\t\t<\/div>\n\t\t\t\t<div class=\"elementor-element elementor-element-d59cb3b elementor-widget elementor-widget-text-editor\" data-id=\"d59cb3b\" data-element_type=\"widget\" data-widget_type=\"text-editor.default\">\n\t\t\t\t<div class=\"elementor-widget-container\">\n\t\t\t\t\t\t\t\t\tWie vormals in der OrphanAid Africa Stiftung bringen sich auch die Vorst\u00e4nde des OAfrica e. V. auf rein ehrenamtlicher Basis ein. \n\t\t\t\t\t\t\t\t<\/div>\n\t\t\t\t<\/div>\n\t\t\t\t<div class=\"elementor-element elementor-element-1c1939c elementor-widget elementor-widget-text-editor\" data-id=\"1c1939c\" data-element_type=\"widget\" data-widget_type=\"text-editor.default\">\n\t\t\t\t<div class=\"elementor-widget-container\">\n\t\t\t\t\t\t\t\t\t7 &amp; 8.  Mittelherkunft &amp; Mittelverwendung\t\t\t\t\t\t\t\t<\/div>\n\t\t\t\t<\/div>\n\t\t\t\t<div class=\"elementor-element elementor-element-90ae438 elementor-widget elementor-widget-text-editor\" data-id=\"90ae438\" data-element_type=\"widget\" data-widget_type=\"text-editor.default\">\n\t\t\t\t<div class=\"elementor-widget-container\">\n\t\t\t\t\t\t\t\t\tIm Jahr 2022 standen dem OAfrica e. V. 12.351,11 EUR Spendenzufl\u00fcsse und 477,87 EUR sonstige Einnahmen wie z. B. von Plattformen wie AmazonSmile zur Verf\u00fcgung. Die Spendenzufl\u00fcsse stammen zu rd. 23,62 % (3.000 EUR) von Unternehmen und zu rd. 76,38 % (9.791,11 \u20ac) von Privatpersonen. Der Verein erhebt keine Mitgliedsbeitr\u00e4ge. Zusammen mit dem \u00dcbertrag aus dem Jahr 2021 in H\u00f6he von 20.976,94 EUR standen dem Verein im Jahr 2022 insgesamt 33.805,92 EUR f\u00fcr satzungsgem\u00e4\u00dfe Zwecke zur Verf\u00fcgung.\n\nDie Ausgaben des OAfrica e. V. im Jahr 2022 in Ho\u0308he von insgesamt 32.637,78 EUR verteilen sich auf:\n<ul>\n \t<li>32.500 EUR satzungsgema\u0308\u00dfe Ausgaben fu\u0308r die Projektfo\u0308rderung in Ghana<\/li>\n \t<li>137,78 EUR Kontofu\u0308hrungs- und Auslandsu\u0308berweisungsgebu\u0308hren\u00a0<\/li>\n<\/ul>\n<p>Alle Vereinsarbeiten der Vorsta\u0308nde wurden ehrenamtlich erbracht. Sonstige Ausgaben wie Reisekosten, Porto, Telefongebu\u0308hren, Bu\u0308romaterial wurden im Rahmen der ehrenamtlichen Ta\u0308tigkeit der Vorsta\u0308nde u\u0308bernommen.\n\n<p>\n1.168,14 EUR wurden ins Jahr 2023 \u00fcbertragen und werden zeitnah f\u00fcr satzungsgem\u00e4\u00dfe Zwecke eingesetzt.\n\t\t\t\t\t\t\t\t<\/div>\n\t\t\t\t<\/div>\n\t\t\t\t<div class=\"elementor-element elementor-element-21058c2 elementor-widget elementor-widget-text-editor\" data-id=\"21058c2\" data-element_type=\"widget\" data-widget_type=\"text-editor.default\">\n\t\t\t\t<div class=\"elementor-widget-container\">\n\t\t\t\t\t\t\t\t\t9. Gesellschaftsrechtliche Verbundenheit mit Dritten\n\t\t\t\t\t\t\t\t<\/div>\n\t\t\t\t<\/div>\n\t\t\t\t<div class=\"elementor-element elementor-element-1b5cbde elementor-widget elementor-widget-text-editor\" data-id=\"1b5cbde\" data-element_type=\"widget\" data-widget_type=\"text-editor.default\">\n\t\t\t\t<div class=\"elementor-widget-container\">\n\t\t\t\t\t\t\t\t\t<p>Beim OAfrica e. V. besteht keine gesellschaftsrechtliche Verbundenheit zu<br \/>Dritten.<br \/>Die Vorg\u00e4ngerorganisation OrphanAid Africa Stiftung war von 2007 bis 2017 eine Treuhandstiftung. Die Treuh\u00e4nderin war die\u00a0<a style=\"letter-spacing: -0.015em;\" href=\"http:\/\/kinderfonds.org\" target=\"_blank\" rel=\"noopener\">Stiftung Kinderfonds.<\/a><\/p>\t\t\t\t\t\t\t\t<\/div>\n\t\t\t\t<\/div>\n\t\t\t\t<div class=\"elementor-element elementor-element-fbce1a1 elementor-widget elementor-widget-text-editor\" data-id=\"fbce1a1\" data-element_type=\"widget\" data-widget_type=\"text-editor.default\">\n\t\t\t\t<div class=\"elementor-widget-container\">\n\t\t\t\t\t\t\t\t\t10. Namen von juristischen Personen, deren j\u00e4hrliche Zuwendung mehr als zehn Prozent unserer gesamten Jahreseinnahmen ausmachen.\n\t\t\t\t\t\t\t\t<\/div>\n\t\t\t\t<\/div>\n\t\t\t\t<div class=\"elementor-element elementor-element-85ddc60 elementor-widget elementor-widget-text-editor\" data-id=\"85ddc60\" data-element_type=\"widget\" data-widget_type=\"text-editor.default\">\n\t\t\t\t<div class=\"elementor-widget-container\">\n\t\t\t\t\t\t\t\t\tIm Jahr 2022 hat der OAfrica e. V. Zuwendungen, die \u00fcber 10 % der Jahreseinnahmen hinausgingen, von einer juristischen Person, der Klara Apotheke, erhalten. Alle weiteren Spenden von juristischen Personen lagen unter der 10 %-Grenze der Jahreseinnahmen 2022 bzw. handelte es sich um private Spenden.\n\n\t\t\t\t\t\t\t\t<\/div>\n\t\t\t\t<\/div>\n\t\t\t\t\t<\/div>\n\t\t<\/div>\n\t\t\t\t\t<\/div>\n\t\t<\/section>\n\t\t\t\t<\/div>\n\t\t","protected":false},"excerpt":{"rendered":"<p>Das sind wir SPENDEN Transparenz Initiative Transparente Zivilgesellschaft Einheitliche Ver\u00f6ffentlichungspflichten f\u00fcr gemeinn\u00fctzige Organisationen gibt es in Deutschland nicht \u2013 mit Ausnahme gemeinn\u00fctziger Kapital- und Aktiengesellschaften sind gemeinn\u00fctzige Organisationen derzeit nicht verpflichtet, die \u00d6ffentlichkeit \u00fcber die Herkunft und Verwendung ihrer Mittel zu informieren. Auf Initiative von Transparency Deutschland e. V. haben zahlreiche Akteure aus der Zivilgesellschaft [&hellip;]<\/p>\n","protected":false},"author":1,"featured_media":0,"parent":0,"menu_order":0,"comment_status":"closed","ping_status":"closed","template":"elementor_header_footer","meta":{"_mo_disable_npp":"","footnotes":""},"_links":{"self":[{"href":"https:\/\/www.oafrica.org\/home\/wp-json\/wp\/v2\/pages\/3494"}],"collection":[{"href":"https:\/\/www.oafrica.org\/home\/wp-json\/wp\/v2\/pages"}],"about":[{"href":"https:\/\/www.oafrica.org\/home\/wp-json\/wp\/v2\/types\/page"}],"author":[{"embeddable":true,"href":"https:\/\/www.oafrica.org\/home\/wp-json\/wp\/v2\/users\/1"}],"replies":[{"embeddable":true,"href":"https:\/\/www.oafrica.org\/home\/wp-json\/wp\/v2\/comments?post=3494"}],"version-history":[{"count":25,"href":"https:\/\/www.oafrica.org\/home\/wp-json\/wp\/v2\/pages\/3494\/revisions"}],"predecessor-version":[{"id":3777,"href":"https:\/\/www.oafrica.org\/home\/wp-json\/wp\/v2\/pages\/3494\/revisions\/3777"}],"wp:attachment":[{"href":"https:\/\/www.oafrica.org\/home\/wp-json\/wp\/v2\/media?parent=3494"}],"curies":[{"name":"wp","href":"https:\/\/api.w.org\/{rel}","templated":true}]}}