{"id":3547,"date":"2024-02-28T18:39:47","date_gmt":"2024-02-28T18:39:47","guid":{"rendered":"https:\/\/www.oafrica.org\/home\/?page_id=3547"},"modified":"2024-02-29T15:24:12","modified_gmt":"2024-02-29T15:24:12","slug":"das-machen-wir","status":"publish","type":"page","link":"https:\/\/www.oafrica.org\/home\/de\/das-machen-wir\/","title":{"rendered":"Das machen wir"},"content":{"rendered":"\t\t<div data-elementor-type=\"wp-page\" data-elementor-id=\"3547\" class=\"elementor elementor-3547\" data-elementor-post-type=\"page\">\n\t\t\t\t\t\t<section class=\"elementor-section elementor-top-section elementor-element elementor-element-22f5d33b elementor-section-height-min-height elementor-section-full_width elementor-section-content-middle elementor-section-height-default elementor-section-items-middle\" data-id=\"22f5d33b\" data-element_type=\"section\" data-settings=\"{&quot;background_background&quot;:&quot;classic&quot;}\">\n\t\t\t\t\t\t\t<div class=\"elementor-background-overlay\"><\/div>\n\t\t\t\t\t\t\t<div class=\"elementor-container elementor-column-gap-no\">\n\t\t\t\t\t<div class=\"elementor-column elementor-col-100 elementor-top-column elementor-element elementor-element-5e1aece7\" data-id=\"5e1aece7\" data-element_type=\"column\">\n\t\t\t<div class=\"elementor-widget-wrap elementor-element-populated\">\n\t\t\t\t\t\t<section class=\"elementor-section elementor-inner-section elementor-element elementor-element-7125cf59 elementor-section-full_width elementor-section-height-default elementor-section-height-default\" data-id=\"7125cf59\" data-element_type=\"section\">\n\t\t\t\t\t\t<div class=\"elementor-container elementor-column-gap-default\">\n\t\t\t\t\t<div class=\"elementor-column elementor-col-100 elementor-inner-column elementor-element elementor-element-53587fd0\" data-id=\"53587fd0\" data-element_type=\"column\">\n\t\t\t<div class=\"elementor-widget-wrap elementor-element-populated\">\n\t\t\t\t\t\t<div class=\"elementor-element elementor-element-6b38c4b elementor-widget elementor-widget-global elementor-global-3549 elementor-widget-heading\" data-id=\"6b38c4b\" data-element_type=\"widget\" data-widget_type=\"heading.default\">\n\t\t\t\t<div class=\"elementor-widget-container\">\n\t\t\t\t\t<h2 class=\"elementor-heading-title elementor-size-default\">Das machen wir\n<\/h2>\t\t\t\t<\/div>\n\t\t\t\t<\/div>\n\t\t\t\t<div class=\"elementor-element elementor-element-cef60ab elementor-align-right donate-btn elementor-widget__width-auto elementor-widget-tablet__width-auto elementor-widget-mobile__width-auto elementor-fixed elementor-widget elementor-widget-global elementor-global-3642 elementor-widget-button\" data-id=\"cef60ab\" data-element_type=\"widget\" data-settings=\"{&quot;sticky&quot;:&quot;top&quot;,&quot;sticky_parent&quot;:&quot;yes&quot;,&quot;_position&quot;:&quot;fixed&quot;,&quot;sticky_on&quot;:[&quot;desktop&quot;,&quot;tablet&quot;,&quot;mobile&quot;],&quot;sticky_offset&quot;:0,&quot;sticky_effects_offset&quot;:0}\" data-widget_type=\"button.default\">\n\t\t\t\t<div class=\"elementor-widget-container\">\n\t\t\t\t\t\t\t\t\t<div class=\"elementor-button-wrapper\">\n\t\t\t\t\t<a class=\"elementor-button elementor-button-link elementor-size-lg elementor-animation-bob\" href=\"#\">\n\t\t\t\t\t\t<span class=\"elementor-button-content-wrapper\">\n\t\t\t\t\t\t\t\t\t<span class=\"elementor-button-text\">SPENDEN<\/span>\n\t\t\t\t\t<\/span>\n\t\t\t\t\t<\/a>\n\t\t\t\t<\/div>\n\t\t\t\t\t\t\t\t<\/div>\n\t\t\t\t<\/div>\n\t\t\t\t\t<\/div>\n\t\t<\/div>\n\t\t\t\t\t<\/div>\n\t\t<\/section>\n\t\t\t\t\t<\/div>\n\t\t<\/div>\n\t\t\t\t\t<\/div>\n\t\t<\/section>\n\t\t\t\t<section class=\"elementor-section elementor-top-section elementor-element elementor-element-6477feae elementor-section-boxed elementor-section-height-default elementor-section-height-default\" data-id=\"6477feae\" data-element_type=\"section\" data-settings=\"{&quot;background_background&quot;:&quot;classic&quot;}\">\n\t\t\t\t\t\t<div class=\"elementor-container elementor-column-gap-default\">\n\t\t\t\t\t<div class=\"elementor-column elementor-col-100 elementor-top-column elementor-element elementor-element-651f4212\" data-id=\"651f4212\" data-element_type=\"column\" data-settings=\"{&quot;background_background&quot;:&quot;classic&quot;}\">\n\t\t\t<div class=\"elementor-widget-wrap elementor-element-populated\">\n\t\t\t\t\t\t<section class=\"elementor-section elementor-inner-section elementor-element elementor-element-2cde8d87 elementor-section-full_width elementor-section-height-default elementor-section-height-default\" data-id=\"2cde8d87\" data-element_type=\"section\">\n\t\t\t\t\t\t<div class=\"elementor-container elementor-column-gap-default\">\n\t\t\t\t\t<div class=\"elementor-column elementor-col-100 elementor-inner-column elementor-element elementor-element-52bccd85\" data-id=\"52bccd85\" data-element_type=\"column\">\n\t\t\t<div class=\"elementor-widget-wrap elementor-element-populated\">\n\t\t\t\t\t\t<div class=\"elementor-element elementor-element-7294ceb elementor-widget elementor-widget-heading\" data-id=\"7294ceb\" data-element_type=\"widget\" data-widget_type=\"heading.default\">\n\t\t\t\t<div class=\"elementor-widget-container\">\n\t\t\t\t\t<h2 class=\"elementor-heading-title elementor-size-default\">Unsere Arbeit<\/h2>\t\t\t\t<\/div>\n\t\t\t\t<\/div>\n\t\t\t\t\t<\/div>\n\t\t<\/div>\n\t\t\t\t\t<\/div>\n\t\t<\/section>\n\t\t\t\t\t<\/div>\n\t\t<\/div>\n\t\t\t\t\t<\/div>\n\t\t<\/section>\n\t\t\t\t<section class=\"elementor-section elementor-top-section elementor-element elementor-element-7a561f7b elementor-section-content-middle elementor-section-boxed elementor-section-height-default elementor-section-height-default\" data-id=\"7a561f7b\" data-element_type=\"section\">\n\t\t\t\t\t\t\t<div class=\"elementor-background-overlay\"><\/div>\n\t\t\t\t\t\t\t<div class=\"elementor-container elementor-column-gap-no\">\n\t\t\t\t\t<div class=\"elementor-column elementor-col-100 elementor-top-column elementor-element elementor-element-45e8a5c9\" data-id=\"45e8a5c9\" data-element_type=\"column\">\n\t\t\t<div class=\"elementor-widget-wrap elementor-element-populated\">\n\t\t\t\t\t\t<div class=\"elementor-element elementor-element-fce5473 elementor-widget elementor-widget-text-editor\" data-id=\"fce5473\" data-element_type=\"widget\" data-widget_type=\"text-editor.default\">\n\t\t\t\t<div class=\"elementor-widget-container\">\n\t\t\t\t\t\t\t\t\t<p>Viele Kinder in ghanaischen Waisenh\u00e4usern sind keine \u201cechten\u201d Waisen. Ihre Familien sind jedoch aufgrund von Armut, Krankheit oder unzureichender sozialer Absicherung nicht in der Lage, die Kinder zu versorgen. Daher entscheiden sie sich h\u00e4ufig, ihre Kinder abzugeben. Von der Unterbringung in einem Waisenhaus erhoffen sie sich f\u00fcr ihre Kinder zumindest den Zugang zu Nahrung und zu Bildung.<\/p><p><strong>DAS IST DER FALSCHE WEG.<\/strong><\/p><p>Kinder brauchen eine Familie! Und wir glauben, dass Familien mit der richtigen Unterst\u00fctzung zusammenbleiben k\u00f6nnen, so dass die Kinder in einem sicheren, stabilen und liebevollen \u2013 vor allem aber in ihrem vertrauten Umfeld aufwachsen k\u00f6nnen.<\/p><p>Mit unserer Arbeit st\u00e4rken wir deshalb die Familien und deren Umfeld, so dass diese wieder eigenst\u00e4ndig f\u00fcr die Kinder sorgen k\u00f6nnen. Wir sind davon \u00fcberzeugt, dass Armut und Krankheiten keine Gr\u00fcnde daf\u00fcr sein d\u00fcrfen, Kinder von ihren Familien zu trennen und dass Kinder, die bereits in Waisenh\u00e4usern leben, so schnell wie m\u00f6glich wieder in ihre eigene Familie oder in eine Pflegefamilie integriert werden sollten.<\/p><ul><li><a href=\"https:\/\/www.oafrica.org\/home\/de\/das-machen-wir-unterstuetzung-staerkung-der-familien\/\" target=\"_blank\" rel=\"noopener\">Family Support Services\u00a0<\/a><\/li><li><a href=\"https:\/\/www.oafrica.org\/home\/de\/das-machen-wir-unterstutzungen-fur-jugendliche-junge-erwachsene\/\" target=\"_blank\" rel=\"noopener\">Young Adult Support Services\u00a0<\/a><\/li><li><a href=\"https:\/\/www.oafrica.org\/home\/de\/das-machen-wir-pflegefamilien\/\" target=\"_blank\" rel=\"noopener\">Foster Family Care\u00a0<\/a><\/li><li><a href=\"https:\/\/www.oafrica.org\/home\/de\/das-machen-wir-starkung-der-widerstandsfahigkeit\/\" target=\"_blank\" rel=\"noopener\">Resilience Advocacy\u00a0\u00a0<\/a><\/li><li><a href=\"https:\/\/www.oafrica.org\/home\/de\/das-machen-wir-reform-des-betreuungssystems\/\" target=\"_blank\" rel=\"noopener\">Care Reform<\/a><\/li><\/ul>\t\t\t\t\t\t\t\t<\/div>\n\t\t\t\t<\/div>\n\t\t\t\t\t<\/div>\n\t\t<\/div>\n\t\t\t\t\t<\/div>\n\t\t<\/section>\n\t\t\t\t<\/div>\n\t\t","protected":false},"excerpt":{"rendered":"<p>Das machen wir SPENDEN Unsere Arbeit Viele Kinder in ghanaischen Waisenh\u00e4usern sind keine \u201cechten\u201d Waisen. Ihre Familien sind jedoch aufgrund von Armut, Krankheit oder unzureichender sozialer Absicherung nicht in der Lage, die Kinder zu versorgen. Daher entscheiden sie sich h\u00e4ufig, ihre Kinder abzugeben. Von der Unterbringung in einem Waisenhaus erhoffen sie sich f\u00fcr ihre Kinder [&hellip;]<\/p>\n","protected":false},"author":1,"featured_media":0,"parent":0,"menu_order":0,"comment_status":"closed","ping_status":"closed","template":"elementor_header_footer","meta":{"_mo_disable_npp":"","footnotes":""},"_links":{"self":[{"href":"https:\/\/www.oafrica.org\/home\/wp-json\/wp\/v2\/pages\/3547"}],"collection":[{"href":"https:\/\/www.oafrica.org\/home\/wp-json\/wp\/v2\/pages"}],"about":[{"href":"https:\/\/www.oafrica.org\/home\/wp-json\/wp\/v2\/types\/page"}],"author":[{"embeddable":true,"href":"https:\/\/www.oafrica.org\/home\/wp-json\/wp\/v2\/users\/1"}],"replies":[{"embeddable":true,"href":"https:\/\/www.oafrica.org\/home\/wp-json\/wp\/v2\/comments?post=3547"}],"version-history":[{"count":19,"href":"https:\/\/www.oafrica.org\/home\/wp-json\/wp\/v2\/pages\/3547\/revisions"}],"predecessor-version":[{"id":3801,"href":"https:\/\/www.oafrica.org\/home\/wp-json\/wp\/v2\/pages\/3547\/revisions\/3801"}],"wp:attachment":[{"href":"https:\/\/www.oafrica.org\/home\/wp-json\/wp\/v2\/media?parent=3547"}],"curies":[{"name":"wp","href":"https:\/\/api.w.org\/{rel}","templated":true}]}}