{"id":3566,"date":"2024-02-28T18:55:39","date_gmt":"2024-02-28T18:55:39","guid":{"rendered":"https:\/\/www.oafrica.org\/home\/?page_id=3566"},"modified":"2024-02-29T15:48:04","modified_gmt":"2024-02-29T15:48:04","slug":"das-machen-wir-zugang-zu-bildung","status":"publish","type":"page","link":"https:\/\/www.oafrica.org\/home\/de\/das-machen-wir-zugang-zu-bildung\/","title":{"rendered":"Das machen wir &#8211; Zugang zu Bildung"},"content":{"rendered":"\t\t<div data-elementor-type=\"wp-page\" data-elementor-id=\"3566\" class=\"elementor elementor-3566\" data-elementor-post-type=\"page\">\n\t\t\t\t\t\t<section class=\"elementor-section elementor-top-section elementor-element elementor-element-37afccef elementor-section-height-min-height elementor-section-full_width elementor-section-content-middle elementor-section-height-default elementor-section-items-middle\" data-id=\"37afccef\" data-element_type=\"section\" data-settings=\"{&quot;background_background&quot;:&quot;classic&quot;}\">\n\t\t\t\t\t\t\t<div class=\"elementor-background-overlay\"><\/div>\n\t\t\t\t\t\t\t<div class=\"elementor-container elementor-column-gap-no\">\n\t\t\t\t\t<div class=\"elementor-column elementor-col-100 elementor-top-column elementor-element elementor-element-516fdf29\" data-id=\"516fdf29\" data-element_type=\"column\">\n\t\t\t<div class=\"elementor-widget-wrap elementor-element-populated\">\n\t\t\t\t\t\t<section class=\"elementor-section elementor-inner-section elementor-element elementor-element-33401da elementor-section-full_width elementor-section-height-default elementor-section-height-default\" data-id=\"33401da\" data-element_type=\"section\">\n\t\t\t\t\t\t<div class=\"elementor-container elementor-column-gap-default\">\n\t\t\t\t\t<div class=\"elementor-column elementor-col-100 elementor-inner-column elementor-element elementor-element-7a5f53ba\" data-id=\"7a5f53ba\" data-element_type=\"column\">\n\t\t\t<div class=\"elementor-widget-wrap elementor-element-populated\">\n\t\t\t\t\t\t<div class=\"elementor-element elementor-element-c4f8cce elementor-widget elementor-widget-global elementor-global-3549 elementor-widget-heading\" data-id=\"c4f8cce\" data-element_type=\"widget\" data-widget_type=\"heading.default\">\n\t\t\t\t<div class=\"elementor-widget-container\">\n\t\t\t\t\t<h2 class=\"elementor-heading-title elementor-size-default\">Das machen wir\n<\/h2>\t\t\t\t<\/div>\n\t\t\t\t<\/div>\n\t\t\t\t<div class=\"elementor-element elementor-element-51a4b98 elementor-align-right donate-btn elementor-widget__width-auto elementor-widget-tablet__width-auto elementor-widget-mobile__width-auto elementor-fixed elementor-widget elementor-widget-global elementor-global-3642 elementor-widget-button\" data-id=\"51a4b98\" data-element_type=\"widget\" data-settings=\"{&quot;sticky&quot;:&quot;top&quot;,&quot;sticky_parent&quot;:&quot;yes&quot;,&quot;_position&quot;:&quot;fixed&quot;,&quot;sticky_on&quot;:[&quot;desktop&quot;,&quot;tablet&quot;,&quot;mobile&quot;],&quot;sticky_offset&quot;:0,&quot;sticky_effects_offset&quot;:0}\" data-widget_type=\"button.default\">\n\t\t\t\t<div class=\"elementor-widget-container\">\n\t\t\t\t\t\t\t\t\t<div class=\"elementor-button-wrapper\">\n\t\t\t\t\t<a class=\"elementor-button elementor-button-link elementor-size-lg elementor-animation-bob\" href=\"#\">\n\t\t\t\t\t\t<span class=\"elementor-button-content-wrapper\">\n\t\t\t\t\t\t\t\t\t<span class=\"elementor-button-text\">SPENDEN<\/span>\n\t\t\t\t\t<\/span>\n\t\t\t\t\t<\/a>\n\t\t\t\t<\/div>\n\t\t\t\t\t\t\t\t<\/div>\n\t\t\t\t<\/div>\n\t\t\t\t\t<\/div>\n\t\t<\/div>\n\t\t\t\t\t<\/div>\n\t\t<\/section>\n\t\t\t\t\t<\/div>\n\t\t<\/div>\n\t\t\t\t\t<\/div>\n\t\t<\/section>\n\t\t\t\t<section class=\"elementor-section elementor-top-section elementor-element elementor-element-68a60587 elementor-section-boxed elementor-section-height-default elementor-section-height-default\" data-id=\"68a60587\" data-element_type=\"section\" data-settings=\"{&quot;background_background&quot;:&quot;classic&quot;}\">\n\t\t\t\t\t\t<div class=\"elementor-container elementor-column-gap-default\">\n\t\t\t\t\t<div class=\"elementor-column elementor-col-100 elementor-top-column elementor-element elementor-element-3a98c0ab\" data-id=\"3a98c0ab\" data-element_type=\"column\" data-settings=\"{&quot;background_background&quot;:&quot;classic&quot;}\">\n\t\t\t<div class=\"elementor-widget-wrap elementor-element-populated\">\n\t\t\t\t\t\t<section class=\"elementor-section elementor-inner-section elementor-element elementor-element-35b1434e elementor-section-full_width elementor-section-height-default elementor-section-height-default\" data-id=\"35b1434e\" data-element_type=\"section\">\n\t\t\t\t\t\t<div class=\"elementor-container elementor-column-gap-default\">\n\t\t\t\t\t<div class=\"elementor-column elementor-col-100 elementor-inner-column elementor-element elementor-element-48cb588\" data-id=\"48cb588\" data-element_type=\"column\">\n\t\t\t<div class=\"elementor-widget-wrap elementor-element-populated\">\n\t\t\t\t\t\t<div class=\"elementor-element elementor-element-3e4914c2 elementor-widget elementor-widget-heading\" data-id=\"3e4914c2\" data-element_type=\"widget\" data-widget_type=\"heading.default\">\n\t\t\t\t<div class=\"elementor-widget-container\">\n\t\t\t\t\t<h2 class=\"elementor-heading-title elementor-size-default\">Zugang zu Bildung<\/h2>\t\t\t\t<\/div>\n\t\t\t\t<\/div>\n\t\t\t\t\t<\/div>\n\t\t<\/div>\n\t\t\t\t\t<\/div>\n\t\t<\/section>\n\t\t\t\t\t<\/div>\n\t\t<\/div>\n\t\t\t\t\t<\/div>\n\t\t<\/section>\n\t\t\t\t<section class=\"elementor-section elementor-top-section elementor-element elementor-element-7a561f7b elementor-section-content-middle elementor-section-boxed elementor-section-height-default elementor-section-height-default\" data-id=\"7a561f7b\" data-element_type=\"section\">\n\t\t\t\t\t\t\t<div class=\"elementor-background-overlay\"><\/div>\n\t\t\t\t\t\t\t<div class=\"elementor-container elementor-column-gap-no\">\n\t\t\t\t\t<div class=\"elementor-column elementor-col-100 elementor-top-column elementor-element elementor-element-45e8a5c9\" data-id=\"45e8a5c9\" data-element_type=\"column\">\n\t\t\t<div class=\"elementor-widget-wrap elementor-element-populated\">\n\t\t\t\t\t\t<div class=\"elementor-element elementor-element-fce5473 elementor-widget elementor-widget-text-editor\" data-id=\"fce5473\" data-element_type=\"widget\" data-widget_type=\"text-editor.default\">\n\t\t\t\t<div class=\"elementor-widget-container\">\n\t\t\t\t\t\t\t\t\t<p>Eines der Haupthindernisse f\u00fcr das Zusammenbleiben von Familien ist der Zugang zu entsprechender Bildung, der auch f\u00fcr das Heranwachsen eines Kindes und seinem weiteren Lebensweg von entscheidender Bedeutung ist. Obwohl die Grund- und weiterf\u00fchrenden Schulen in Ghana kostenlos sind, k\u00f6nnen viele Familien die dennoch anfallenden Kosten f\u00fcr den Schulbesuch ihrer Kinder (wie z.B. Transportkosten, Lehrb\u00fccher, Stifte, Uniformen und andere Geb\u00fchren) nicht aufbringen. Ebenso wenig k\u00f6nnen es sich viele Familien nicht leisten, die Kosten f\u00fcr eine anschlie\u00dfende Ausbildung oder gar ein Studium der Kinder zu \u00fcbernehmen. Somit sind viele Kinder &amp; Jugendliche vom essenziellen Zugang zu Bildung ausgeschlossen \u2013 mit massiven Auswirkungen auf ihr gesamtes Leben.<\/p><p>OAfrica unterst\u00fctzt verarmte Familien bei der Finanzierung der (Schul-)Ausbildung ihrer Kinder, um sicherzustellen, dass das Kind eine reale Chance auf Bildung bekommt und somit auch auf ein eigenst\u00e4ndiges Einkommen im Erwachsenenalter. Es hat sich gezeigt, dass die Unterst\u00fctzung in die Bildung der Kinder den gr\u00f6\u00dften Hebel darstellt, ob Kinder von ihren Eltern in Waisenh\u00e4user abgegeben werden oder nicht. Dar\u00fcber hinaus hat ein h\u00f6heres Bildungsniveau auch andere positive Auswirkungen auf das Leben, wie z. B. eine bessere Gesundheit, h\u00f6here L\u00f6hne und Wirtschaftswachstum, Demokratie und politische Stabilit\u00e4t.<\/p><p>Die Kinder werden von der Grundschule bis zur Hochschulbildung oder zu Berufsausbildungsprogrammen und Lehrstellen gef\u00f6rdert. Kinder mit Lernschwierigkeiten oder Verz\u00f6gerungen in der Ausbildung erhalten Nachhilfeunterricht oder eine umfassende Berufsberatung, um Berufe zu finden, die sowohl ihren Qualifikationen als auch ihren Interessen entsprechen.<\/p>\t\t\t\t\t\t\t\t<\/div>\n\t\t\t\t<\/div>\n\t\t\t\t\t<\/div>\n\t\t<\/div>\n\t\t\t\t\t<\/div>\n\t\t<\/section>\n\t\t\t\t<\/div>\n\t\t","protected":false},"excerpt":{"rendered":"<p>Das machen wir SPENDEN Zugang zu Bildung Eines der Haupthindernisse f\u00fcr das Zusammenbleiben von Familien ist der Zugang zu entsprechender Bildung, der auch f\u00fcr das Heranwachsen eines Kindes und seinem weiteren Lebensweg von entscheidender Bedeutung ist. Obwohl die Grund- und weiterf\u00fchrenden Schulen in Ghana kostenlos sind, k\u00f6nnen viele Familien die dennoch anfallenden Kosten f\u00fcr den [&hellip;]<\/p>\n","protected":false},"author":1,"featured_media":0,"parent":0,"menu_order":0,"comment_status":"closed","ping_status":"closed","template":"elementor_header_footer","meta":{"_mo_disable_npp":"","footnotes":""},"_links":{"self":[{"href":"https:\/\/www.oafrica.org\/home\/wp-json\/wp\/v2\/pages\/3566"}],"collection":[{"href":"https:\/\/www.oafrica.org\/home\/wp-json\/wp\/v2\/pages"}],"about":[{"href":"https:\/\/www.oafrica.org\/home\/wp-json\/wp\/v2\/types\/page"}],"author":[{"embeddable":true,"href":"https:\/\/www.oafrica.org\/home\/wp-json\/wp\/v2\/users\/1"}],"replies":[{"embeddable":true,"href":"https:\/\/www.oafrica.org\/home\/wp-json\/wp\/v2\/comments?post=3566"}],"version-history":[{"count":10,"href":"https:\/\/www.oafrica.org\/home\/wp-json\/wp\/v2\/pages\/3566\/revisions"}],"predecessor-version":[{"id":3805,"href":"https:\/\/www.oafrica.org\/home\/wp-json\/wp\/v2\/pages\/3566\/revisions\/3805"}],"wp:attachment":[{"href":"https:\/\/www.oafrica.org\/home\/wp-json\/wp\/v2\/media?parent=3566"}],"curies":[{"name":"wp","href":"https:\/\/api.w.org\/{rel}","templated":true}]}}